{"id":14,"date":"2025-07-02T04:50:47","date_gmt":"2025-07-02T04:50:47","guid":{"rendered":"http:\/\/taxi-conventionne-17.fr\/?page_id=14"},"modified":"2025-07-08T16:34:29","modified_gmt":"2025-07-08T16:34:29","slug":"transport-de-malades-assis","status":"publish","type":"page","link":"https:\/\/taxi-conventionne-17.fr\/?page_id=14","title":{"rendered":"Taxi m\u00e9dical"},"content":{"rendered":"\t\t<div data-elementor-type=\"wp-page\" data-elementor-id=\"14\" class=\"elementor elementor-14\">\n\t\t\t\t<div class=\"elementor-element elementor-element-0669402 e-flex e-con-boxed e-con e-parent\" data-id=\"0669402\" data-element_type=\"container\" data-e-type=\"container\">\n\t\t\t\t\t<div class=\"e-con-inner\">\n\t\t\t\t<div class=\"elementor-element elementor-element-15ac4e6 elementor-widget elementor-widget-heading\" data-id=\"15ac4e6\" data-element_type=\"widget\" data-e-type=\"widget\" data-widget_type=\"heading.default\">\n\t\t\t\t\t<h1 class=\"elementor-heading-title elementor-size-default\">Transport de malades assis conventionn\u00e9 CPAM<\/h1>\t\t\t\t<\/div>\n\t\t\t\t<div class=\"elementor-element elementor-element-1ba11a1 elementor-widget elementor-widget-text-editor\" data-id=\"1ba11a1\" data-element_type=\"widget\" data-e-type=\"widget\" data-widget_type=\"text-editor.default\">\n\t\t\t\t\t\t\t\t\t<p>Taxi conventionn\u00e9 CPAM VSL m\u00e9dical pour assurer le transport de malades assis. <br \/>Nous vous accompagnons en toute s\u00e9curit\u00e9 vers les h\u00f4pitaux, cliniques et centres de soins, sur prescription m\u00e9dicale.<\/p><p><span style=\"font-style: inherit; font-weight: inherit;\">\u2705 Prise en charge CPAM (100% si accord)<\/span><\/p><p><span style=\"font-style: inherit; font-weight: inherit;\">\u2705 Confort &amp; ponctualit\u00e9<\/span><\/p><p>\u2705 Trajets sur r\u00e9servation<\/p><p>\ud83d\udccd Bas\u00e9 \u00e0 Varzay, nous desservons r\u00e9guli\u00e8rement : <br \/>\u2192 <strong>Bordeaux \u2022 Poitiers \u2022 La Rochelle \u2022 Angoul\u00eame \u2022 Nantes \u2022 Saintes \u2022 Royan<\/strong><\/p>\t\t\t\t\t\t\t\t<\/div>\n\t\t\t\t<div class=\"elementor-element elementor-element-18300e6 elementor-align-justify elementor-widget elementor-widget-button\" data-id=\"18300e6\" data-element_type=\"widget\" data-e-type=\"widget\" data-widget_type=\"button.default\">\n\t\t\t\t\t\t\t\t\t\t<a class=\"elementor-button elementor-button-link elementor-size-sm\" href=\"tel:+33769944585\">\n\t\t\t\t\t\t<span class=\"elementor-button-content-wrapper\">\n\t\t\t\t\t\t<span class=\"elementor-button-icon\">\n\t\t\t\t<svg aria-hidden=\"true\" class=\"e-font-icon-svg e-fas-phone-alt\" viewBox=\"0 0 512 512\" xmlns=\"http:\/\/www.w3.org\/2000\/svg\"><path d=\"M497.39 361.8l-112-48a24 24 0 0 0-28 6.9l-49.6 60.6A370.66 370.66 0 0 1 130.6 204.11l60.6-49.6a23.94 23.94 0 0 0 6.9-28l-48-112A24.16 24.16 0 0 0 122.6.61l-104 24A24 24 0 0 0 0 48c0 256.5 207.9 464 464 464a24 24 0 0 0 23.4-18.6l24-104a24.29 24.29 0 0 0-14.01-27.6z\"><\/path><\/svg>\t\t\t<\/span>\n\t\t\t\t\t\t\t\t\t<span class=\"elementor-button-text\">07.69.94.45.85<\/span>\n\t\t\t\t\t<\/span>\n\t\t\t\t\t<\/a>\n\t\t\t\t\t\t\t\t<\/div>\n\t\t\t\t<div class=\"elementor-element elementor-element-5cd1e1a elementor-widget elementor-widget-image\" data-id=\"5cd1e1a\" data-element_type=\"widget\" data-e-type=\"widget\" data-widget_type=\"image.default\">\n\t\t\t\t\t\t\t\t\t\t\t\t\t\t\t<img fetchpriority=\"high\" decoding=\"async\" width=\"597\" height=\"597\" src=\"https:\/\/taxi-conventionne-17.fr\/wp-content\/uploads\/2025\/07\/taxi-conventionne-varzay-bertrand.jpg.png\" class=\"attachment-large size-large wp-image-61\" alt=\"\" srcset=\"https:\/\/taxi-conventionne-17.fr\/wp-content\/uploads\/2025\/07\/taxi-conventionne-varzay-bertrand.jpg.png 597w, https:\/\/taxi-conventionne-17.fr\/wp-content\/uploads\/2025\/07\/taxi-conventionne-varzay-bertrand.jpg-300x300.png 300w, https:\/\/taxi-conventionne-17.fr\/wp-content\/uploads\/2025\/07\/taxi-conventionne-varzay-bertrand.jpg-150x150.png 150w\" sizes=\"(max-width: 597px) 100vw, 597px\" \/>\t\t\t\t\t\t\t\t\t\t\t\t\t\t\t<\/div>\n\t\t\t\t\t<\/div>\n\t\t\t\t<\/div>\n\t\t<div class=\"elementor-element elementor-element-e5810b0 e-flex e-con-boxed e-con e-parent\" data-id=\"e5810b0\" data-element_type=\"container\" data-e-type=\"container\">\n\t\t\t\t\t<div class=\"e-con-inner\">\n\t\t\t\t<div class=\"elementor-element elementor-element-67996e3 elementor-widget elementor-widget-text-editor\" data-id=\"67996e3\" data-element_type=\"widget\" data-e-type=\"widget\" data-widget_type=\"text-editor.default\">\n\t\t\t\t\t\t\t\t\t<p data-start=\"666\" data-end=\"792\"><strong data-start=\"669\" data-end=\"703\">Lien vers l\u2019h\u00f4pital de Saintes<\/strong> :<br data-start=\"705\" data-end=\"708\" \/><a class=\"\" href=\"https:\/\/www.ch-saintonge.fr\" target=\"_new\" rel=\"noopener\" data-start=\"711\" data-end=\"769\">https:\/\/www.ch-saintonge.fr<\/a><br data-start=\"769\" data-end=\"772\" \/><span style=\"font-size: 16px;\">Nous assurons les trajets vers les \u00e9tablissements comme le <\/span><strong style=\"font-size: 16px;\" data-start=\"854\" data-end=\"889\">Centre Hospitalier de Saintonge<\/strong><span style=\"font-size: 16px;\">.<\/span><\/p>\t\t\t\t\t\t\t\t<\/div>\n\t\t\t\t\t<\/div>\n\t\t\t\t<\/div>\n\t\t<div class=\"elementor-element elementor-element-f6a7b4b e-flex e-con-boxed e-con e-parent\" data-id=\"f6a7b4b\" data-element_type=\"container\" data-e-type=\"container\">\n\t\t\t\t\t<div class=\"e-con-inner\">\n\t\t\t\t<div class=\"elementor-element elementor-element-71ea631 elementor-widget elementor-widget-heading\" data-id=\"71ea631\" data-element_type=\"widget\" data-e-type=\"widget\" data-widget_type=\"heading.default\">\n\t\t\t\t\t<h2 class=\"elementor-heading-title elementor-size-default\">CPAM VSL m\u00e9dical<\/h2>\t\t\t\t<\/div>\n\t\t\t\t<div class=\"elementor-element elementor-element-9e54099 elementor-widget elementor-widget-text-editor\" data-id=\"9e54099\" data-element_type=\"widget\" data-e-type=\"widget\" data-widget_type=\"text-editor.default\">\n\t\t\t\t\t\t\t\t\t<h4 data-start=\"2526\" data-end=\"2575\">\u2705 Nous vous transportons vers les <span style=\"font-size: 16px;\">CHU de <\/span><strong style=\"font-size: 16px;\" data-start=\"2585\" data-end=\"2597\">Poitiers, <\/strong><span style=\"font-size: 16px;\">H\u00f4pital de <\/span><strong style=\"font-size: 16px;\" data-start=\"2611\" data-end=\"2633\">Bordeaux Pellegrin, <\/strong><span style=\"font-size: 16px;\">H\u00f4pital de <\/span><strong style=\"font-size: 16px;\" data-start=\"2647\" data-end=\"2662\">La Rochelle, <\/strong><span style=\"font-size: 16px;\">Centre hospitalier d\u2019<\/span><strong style=\"font-size: 16px;\" data-start=\"2686\" data-end=\"2699\">Angoul\u00eame, <\/strong><span style=\"font-size: 16px;\">Clinique Richelieu \u00e0 <\/span><strong style=\"font-size: 16px;\" data-start=\"2723\" data-end=\"2734\">Saintes et t<\/strong><span style=\"font-size: 16px;\">ous les centres m\u00e9dicaux du 17<\/span><\/h4>\t\t\t\t\t\t\t\t<\/div>\n\t\t\t\t\t<\/div>\n\t\t\t\t<\/div>\n\t\t<div class=\"elementor-element elementor-element-600e181 e-flex e-con-boxed e-con e-parent\" data-id=\"600e181\" data-element_type=\"container\" data-e-type=\"container\">\n\t\t\t\t\t<div class=\"e-con-inner\">\n\t\t\t\t<div class=\"elementor-element elementor-element-0d4b618 elementor-widget elementor-widget-text-editor\" data-id=\"0d4b618\" data-element_type=\"widget\" data-e-type=\"widget\" data-widget_type=\"text-editor.default\">\n\t\t\t\t\t\t\t\t\t<p data-start=\"280\" data-end=\"354\"><strong data-start=\"280\" data-end=\"354\">VSL conventionn\u00e9 &amp; d\u00e9placements toutes distances<\/strong><\/p><p data-start=\"359\" data-end=\"475\"><strong data-start=\"395\" data-end=\"412\">Nous sommes <\/strong>sp\u00e9cialis\u00e9 dans le <strong data-start=\"436\" data-end=\"462\">transport de personnes<\/strong>, notamment :<\/p><ul data-start=\"478\" data-end=\"701\"><li data-start=\"478\" data-end=\"612\"><p data-start=\"480\" data-end=\"612\"><strong data-start=\"480\" data-end=\"530\">Transports de malades assis conventionn\u00e9s CPAM<\/strong> vers les h\u00f4pitaux de <strong data-start=\"552\" data-end=\"606\">La Rochelle, Poitiers, Bordeaux, Angoul\u00eame, Nantes<\/strong>, etc.<\/p><\/li><li data-start=\"615\" data-end=\"699\"><p data-start=\"617\" data-end=\"699\"><strong data-start=\"617\" data-end=\"650\">D\u00e9placements toutes distances<\/strong> pour particuliers, professionnels et assistances<\/p><\/li><\/ul><p data-start=\"704\" data-end=\"844\">Nous vous garantissons un <strong data-start=\"730\" data-end=\"774\">service ponctuel, confortable et discret<\/strong>, dans des v\u00e9hicules r\u00e9cents, climatis\u00e9s et r\u00e9guli\u00e8rement d\u00e9sinfect\u00e9s.<\/p><p data-start=\"849\" data-end=\"1008\">\u2705 Agr\u00e9\u00e9 CPAM \u2013 Tiers payant accept\u00e9<br data-start=\"884\" data-end=\"887\" \/>\u2705 Disponible sur r\u00e9servation 7j\/7<br data-start=\"922\" data-end=\"925\" \/>\u2705 Zone principale : Charente-Maritime (17), mais d\u00e9placements sur toute la France<\/p>\t\t\t\t\t\t\t\t<\/div>\n\t\t\t\t\t<\/div>\n\t\t\t\t<\/div>\n\t\t\t\t<\/div>\n\t\t","protected":false},"excerpt":{"rendered":"<p>Transport de malades assis conventionn\u00e9 CPAM Taxi conventionn\u00e9 CPAM VSL m\u00e9dical pour assurer le transport de malades assis. Nous vous [&hellip;]<\/p>\n","protected":false},"author":1,"featured_media":0,"parent":0,"menu_order":0,"comment_status":"closed","ping_status":"closed","template":"","meta":{"site-sidebar-layout":"no-sidebar","site-content-layout":"","ast-site-content-layout":"full-width-container","site-content-style":"default","site-sidebar-style":"default","ast-global-header-display":"","ast-banner-title-visibility":"","ast-main-header-display":"","ast-hfb-above-header-display":"","ast-hfb-below-header-display":"","ast-hfb-mobile-header-display":"","site-post-title":"disabled","ast-breadcrumbs-content":"","ast-featured-img":"disabled","footer-sml-layout":"","ast-disable-related-posts":"","theme-transparent-header-meta":"","adv-header-id-meta":"","stick-header-meta":"","header-above-stick-meta":"","header-main-stick-meta":"","header-below-stick-meta":"","astra-migrate-meta-layouts":"default","ast-page-background-enabled":"default","ast-page-background-meta":{"desktop":{"background-color":"var(--ast-global-color-5)","background-image":"","background-repeat":"repeat","background-position":"center center","background-size":"auto","background-attachment":"scroll","background-type":"","background-media":"","overlay-type":"","overlay-color":"","overlay-opacity":"","overlay-gradient":""},"tablet":{"background-color":"","background-image":"","background-repeat":"repeat","background-position":"center center","background-size":"auto","background-attachment":"scroll","background-type":"","background-media":"","overlay-type":"","overlay-color":"","overlay-opacity":"","overlay-gradient":""},"mobile":{"background-color":"","background-image":"","background-repeat":"repeat","background-position":"center center","background-size":"auto","background-attachment":"scroll","background-type":"","background-media":"","overlay-type":"","overlay-color":"","overlay-opacity":"","overlay-gradient":""}},"ast-content-background-meta":{"desktop":{"background-color":"var(--ast-global-color-4)","background-image":"","background-repeat":"repeat","background-position":"center center","background-size":"auto","background-attachment":"scroll","background-type":"","background-media":"","overlay-type":"","overlay-color":"","overlay-opacity":"","overlay-gradient":""},"tablet":{"background-color":"var(--ast-global-color-4)","background-image":"","background-repeat":"repeat","background-position":"center center","background-size":"auto","background-attachment":"scroll","background-type":"","background-media":"","overlay-type":"","overlay-color":"","overlay-opacity":"","overlay-gradient":""},"mobile":{"background-color":"var(--ast-global-color-4)","background-image":"","background-repeat":"repeat","background-position":"center center","background-size":"auto","background-attachment":"scroll","background-type":"","background-media":"","overlay-type":"","overlay-color":"","overlay-opacity":"","overlay-gradient":""}},"footnotes":""},"class_list":["post-14","page","type-page","status-publish","hentry"],"yoast_head":"<!-- This site is optimized with the Yoast SEO plugin v26.9 - https:\/\/yoast.com\/product\/yoast-seo-wordpress\/ -->\n<title>Taxi Bertrand est un chauffeur VSL conventionn\u00e9 CPAM m\u00e9dical<\/title>\n<meta name=\"description\" content=\"Taxi Bertrand est un chauffeur conventionn\u00e9 CPAM VSL m\u00e9dical bas\u00e9 \u00e0 Varzay (17). Transport de malades assis, trajets vers h\u00f4pitaux de Bordeaux, Poitiers, Royan, La Rochelle.\" \/>\n<meta name=\"robots\" content=\"index, follow, max-snippet:-1, max-image-preview:large, max-video-preview:-1\" \/>\n<link rel=\"canonical\" href=\"https:\/\/taxi-conventionne-17.fr\/?page_id=14\" \/>\n<meta property=\"og:locale\" content=\"fr_FR\" \/>\n<meta property=\"og:type\" content=\"article\" \/>\n<meta property=\"og:title\" content=\"Taxi Bertrand est un chauffeur VSL conventionn\u00e9 CPAM m\u00e9dical\" \/>\n<meta property=\"og:description\" content=\"Taxi Bertrand est un chauffeur conventionn\u00e9 CPAM VSL m\u00e9dical bas\u00e9 \u00e0 Varzay (17). Transport de malades assis, trajets vers h\u00f4pitaux de Bordeaux, Poitiers, Royan, La Rochelle.\" \/>\n<meta property=\"og:url\" content=\"https:\/\/taxi-conventionne-17.fr\/?page_id=14\" \/>\n<meta property=\"article:publisher\" content=\"https:\/\/www.facebook.com\/profile.php?id=100084130257767\" \/>\n<meta property=\"article:modified_time\" content=\"2025-07-08T16:34:29+00:00\" \/>\n<meta property=\"og:image\" content=\"http:\/\/taxi-conventionne-17.fr\/wp-content\/uploads\/2025\/07\/taxi-conventionne-varzay-bertrand.jpg.png\" \/>\n<meta name=\"twitter:card\" content=\"summary_large_image\" \/>\n<meta name=\"twitter:label1\" content=\"Dur\u00e9e de lecture estim\u00e9e\" \/>\n\t<meta name=\"twitter:data1\" content=\"2 minutes\" \/>\n<script type=\"application\/ld+json\" class=\"yoast-schema-graph\">{\"@context\":\"https:\/\/schema.org\",\"@graph\":[{\"@type\":\"WebPage\",\"@id\":\"https:\/\/taxi-conventionne-17.fr\/?page_id=14\",\"url\":\"https:\/\/taxi-conventionne-17.fr\/?page_id=14\",\"name\":\"Taxi Bertrand est un chauffeur VSL conventionn\u00e9 CPAM m\u00e9dical\",\"isPartOf\":{\"@id\":\"https:\/\/taxi-conventionne-17.fr\/#website\"},\"primaryImageOfPage\":{\"@id\":\"https:\/\/taxi-conventionne-17.fr\/?page_id=14#primaryimage\"},\"image\":{\"@id\":\"https:\/\/taxi-conventionne-17.fr\/?page_id=14#primaryimage\"},\"thumbnailUrl\":\"http:\/\/taxi-conventionne-17.fr\/wp-content\/uploads\/2025\/07\/taxi-conventionne-varzay-bertrand.jpg.png\",\"datePublished\":\"2025-07-02T04:50:47+00:00\",\"dateModified\":\"2025-07-08T16:34:29+00:00\",\"description\":\"Taxi Bertrand est un chauffeur conventionn\u00e9 CPAM VSL m\u00e9dical bas\u00e9 \u00e0 Varzay (17). Transport de malades assis, trajets vers h\u00f4pitaux de Bordeaux, Poitiers, Royan, La Rochelle.\",\"breadcrumb\":{\"@id\":\"https:\/\/taxi-conventionne-17.fr\/?page_id=14#breadcrumb\"},\"inLanguage\":\"fr-FR\",\"potentialAction\":[{\"@type\":\"ReadAction\",\"target\":[\"https:\/\/taxi-conventionne-17.fr\/?page_id=14\"]}]},{\"@type\":\"ImageObject\",\"inLanguage\":\"fr-FR\",\"@id\":\"https:\/\/taxi-conventionne-17.fr\/?page_id=14#primaryimage\",\"url\":\"https:\/\/taxi-conventionne-17.fr\/wp-content\/uploads\/2025\/07\/taxi-conventionne-varzay-bertrand.jpg.png\",\"contentUrl\":\"https:\/\/taxi-conventionne-17.fr\/wp-content\/uploads\/2025\/07\/taxi-conventionne-varzay-bertrand.jpg.png\",\"width\":597,\"height\":597},{\"@type\":\"BreadcrumbList\",\"@id\":\"https:\/\/taxi-conventionne-17.fr\/?page_id=14#breadcrumb\",\"itemListElement\":[{\"@type\":\"ListItem\",\"position\":1,\"name\":\"Accueil\",\"item\":\"https:\/\/taxi-conventionne-17.fr\/\"},{\"@type\":\"ListItem\",\"position\":2,\"name\":\"Taxi m\u00e9dical\"}]},{\"@type\":\"WebSite\",\"@id\":\"https:\/\/taxi-conventionne-17.fr\/#website\",\"url\":\"https:\/\/taxi-conventionne-17.fr\/\",\"name\":\"\",\"description\":\"Transport m\u00e9dical entre Saintes, Royan \u00e0 Varzay\",\"publisher\":{\"@id\":\"https:\/\/taxi-conventionne-17.fr\/#organization\"},\"potentialAction\":[{\"@type\":\"SearchAction\",\"target\":{\"@type\":\"EntryPoint\",\"urlTemplate\":\"https:\/\/taxi-conventionne-17.fr\/?s={search_term_string}\"},\"query-input\":{\"@type\":\"PropertyValueSpecification\",\"valueRequired\":true,\"valueName\":\"search_term_string\"}}],\"inLanguage\":\"fr-FR\"},{\"@type\":\"Organization\",\"@id\":\"https:\/\/taxi-conventionne-17.fr\/#organization\",\"name\":\"taxi bertrand\",\"alternateName\":\"taxi bertrand\",\"url\":\"https:\/\/taxi-conventionne-17.fr\/\",\"logo\":{\"@type\":\"ImageObject\",\"inLanguage\":\"fr-FR\",\"@id\":\"https:\/\/taxi-conventionne-17.fr\/#\/schema\/logo\/image\/\",\"url\":\"https:\/\/taxi-conventionne-17.fr\/wp-content\/uploads\/2025\/07\/FullLogo_Transparent_NoBuffer.png\",\"contentUrl\":\"https:\/\/taxi-conventionne-17.fr\/wp-content\/uploads\/2025\/07\/FullLogo_Transparent_NoBuffer.png\",\"width\":1280,\"height\":1159,\"caption\":\"taxi bertrand\"},\"image\":{\"@id\":\"https:\/\/taxi-conventionne-17.fr\/#\/schema\/logo\/image\/\"},\"sameAs\":[\"https:\/\/www.facebook.com\/profile.php?id=100084130257767\"]}]}<\/script>\n<!-- \/ Yoast SEO plugin. -->","yoast_head_json":{"title":"Taxi Bertrand est un chauffeur VSL conventionn\u00e9 CPAM m\u00e9dical","description":"Taxi Bertrand est un chauffeur conventionn\u00e9 CPAM VSL m\u00e9dical bas\u00e9 \u00e0 Varzay (17). Transport de malades assis, trajets vers h\u00f4pitaux de Bordeaux, Poitiers, Royan, La Rochelle.","robots":{"index":"index","follow":"follow","max-snippet":"max-snippet:-1","max-image-preview":"max-image-preview:large","max-video-preview":"max-video-preview:-1"},"canonical":"https:\/\/taxi-conventionne-17.fr\/?page_id=14","og_locale":"fr_FR","og_type":"article","og_title":"Taxi Bertrand est un chauffeur VSL conventionn\u00e9 CPAM m\u00e9dical","og_description":"Taxi Bertrand est un chauffeur conventionn\u00e9 CPAM VSL m\u00e9dical bas\u00e9 \u00e0 Varzay (17). Transport de malades assis, trajets vers h\u00f4pitaux de Bordeaux, Poitiers, Royan, La Rochelle.","og_url":"https:\/\/taxi-conventionne-17.fr\/?page_id=14","article_publisher":"https:\/\/www.facebook.com\/profile.php?id=100084130257767","article_modified_time":"2025-07-08T16:34:29+00:00","og_image":[{"url":"http:\/\/taxi-conventionne-17.fr\/wp-content\/uploads\/2025\/07\/taxi-conventionne-varzay-bertrand.jpg.png","type":"","width":"","height":""}],"twitter_card":"summary_large_image","twitter_misc":{"Dur\u00e9e de lecture estim\u00e9e":"2 minutes"},"schema":{"@context":"https:\/\/schema.org","@graph":[{"@type":"WebPage","@id":"https:\/\/taxi-conventionne-17.fr\/?page_id=14","url":"https:\/\/taxi-conventionne-17.fr\/?page_id=14","name":"Taxi Bertrand est un chauffeur VSL conventionn\u00e9 CPAM m\u00e9dical","isPartOf":{"@id":"https:\/\/taxi-conventionne-17.fr\/#website"},"primaryImageOfPage":{"@id":"https:\/\/taxi-conventionne-17.fr\/?page_id=14#primaryimage"},"image":{"@id":"https:\/\/taxi-conventionne-17.fr\/?page_id=14#primaryimage"},"thumbnailUrl":"http:\/\/taxi-conventionne-17.fr\/wp-content\/uploads\/2025\/07\/taxi-conventionne-varzay-bertrand.jpg.png","datePublished":"2025-07-02T04:50:47+00:00","dateModified":"2025-07-08T16:34:29+00:00","description":"Taxi Bertrand est un chauffeur conventionn\u00e9 CPAM VSL m\u00e9dical bas\u00e9 \u00e0 Varzay (17). Transport de malades assis, trajets vers h\u00f4pitaux de Bordeaux, Poitiers, Royan, La Rochelle.","breadcrumb":{"@id":"https:\/\/taxi-conventionne-17.fr\/?page_id=14#breadcrumb"},"inLanguage":"fr-FR","potentialAction":[{"@type":"ReadAction","target":["https:\/\/taxi-conventionne-17.fr\/?page_id=14"]}]},{"@type":"ImageObject","inLanguage":"fr-FR","@id":"https:\/\/taxi-conventionne-17.fr\/?page_id=14#primaryimage","url":"https:\/\/taxi-conventionne-17.fr\/wp-content\/uploads\/2025\/07\/taxi-conventionne-varzay-bertrand.jpg.png","contentUrl":"https:\/\/taxi-conventionne-17.fr\/wp-content\/uploads\/2025\/07\/taxi-conventionne-varzay-bertrand.jpg.png","width":597,"height":597},{"@type":"BreadcrumbList","@id":"https:\/\/taxi-conventionne-17.fr\/?page_id=14#breadcrumb","itemListElement":[{"@type":"ListItem","position":1,"name":"Accueil","item":"https:\/\/taxi-conventionne-17.fr\/"},{"@type":"ListItem","position":2,"name":"Taxi m\u00e9dical"}]},{"@type":"WebSite","@id":"https:\/\/taxi-conventionne-17.fr\/#website","url":"https:\/\/taxi-conventionne-17.fr\/","name":"","description":"Transport m\u00e9dical entre Saintes, Royan \u00e0 Varzay","publisher":{"@id":"https:\/\/taxi-conventionne-17.fr\/#organization"},"potentialAction":[{"@type":"SearchAction","target":{"@type":"EntryPoint","urlTemplate":"https:\/\/taxi-conventionne-17.fr\/?s={search_term_string}"},"query-input":{"@type":"PropertyValueSpecification","valueRequired":true,"valueName":"search_term_string"}}],"inLanguage":"fr-FR"},{"@type":"Organization","@id":"https:\/\/taxi-conventionne-17.fr\/#organization","name":"taxi bertrand","alternateName":"taxi bertrand","url":"https:\/\/taxi-conventionne-17.fr\/","logo":{"@type":"ImageObject","inLanguage":"fr-FR","@id":"https:\/\/taxi-conventionne-17.fr\/#\/schema\/logo\/image\/","url":"https:\/\/taxi-conventionne-17.fr\/wp-content\/uploads\/2025\/07\/FullLogo_Transparent_NoBuffer.png","contentUrl":"https:\/\/taxi-conventionne-17.fr\/wp-content\/uploads\/2025\/07\/FullLogo_Transparent_NoBuffer.png","width":1280,"height":1159,"caption":"taxi bertrand"},"image":{"@id":"https:\/\/taxi-conventionne-17.fr\/#\/schema\/logo\/image\/"},"sameAs":["https:\/\/www.facebook.com\/profile.php?id=100084130257767"]}]}},"_links":{"self":[{"href":"https:\/\/taxi-conventionne-17.fr\/index.php?rest_route=\/wp\/v2\/pages\/14","targetHints":{"allow":["GET"]}}],"collection":[{"href":"https:\/\/taxi-conventionne-17.fr\/index.php?rest_route=\/wp\/v2\/pages"}],"about":[{"href":"https:\/\/taxi-conventionne-17.fr\/index.php?rest_route=\/wp\/v2\/types\/page"}],"author":[{"embeddable":true,"href":"https:\/\/taxi-conventionne-17.fr\/index.php?rest_route=\/wp\/v2\/users\/1"}],"replies":[{"embeddable":true,"href":"https:\/\/taxi-conventionne-17.fr\/index.php?rest_route=%2Fwp%2Fv2%2Fcomments&post=14"}],"version-history":[{"count":38,"href":"https:\/\/taxi-conventionne-17.fr\/index.php?rest_route=\/wp\/v2\/pages\/14\/revisions"}],"predecessor-version":[{"id":193,"href":"https:\/\/taxi-conventionne-17.fr\/index.php?rest_route=\/wp\/v2\/pages\/14\/revisions\/193"}],"wp:attachment":[{"href":"https:\/\/taxi-conventionne-17.fr\/index.php?rest_route=%2Fwp%2Fv2%2Fmedia&parent=14"}],"curies":[{"name":"wp","href":"https:\/\/api.w.org\/{rel}","templated":true}]}}